re the prime factors of f?
2, 3
Let c be 0 - (-1)/(-1) - -5. Let m(y) = 4*y + 3. Let b(w) = 9*w + 7. Let d(p) = 6*b(p) - 13*m(p). List the prime factors of d(c).
11
Let x = 1 + 4. What are the prime factors of x?
5
Let u(c) = 2*c**3 + 4*c**2 - 3*c. Let g be u(2). Suppose 4*t = 4*l + 76, 5*l - l + 3*t = -69. Let m = l + g. What are the prime factors of m?
2
Let z be 1 - (-19 - 3/(-1)). What are the prime factors of (1 - z)*(-1)/2?
2
Let d = 167 + 226. What are the prime factors of d?
3, 131
Let g(b) = b**3 - 5*b**2 + 4*b - 4. List the prime factors of g(5).
2
Suppose -557 = -6*w + 4*w + 3*l, -4*l = -4*w + 1104. List the prime factors of w.
271
Let o(a) = 6*a**2 + 4. Let g(b) = b**2 + 6*b - 5. Let h be g(-7). List the prime factors of o(h).
2, 7
Suppose -152 = -3*g - 50. Suppose x + g = 2*u - 2*x, -u - x = -7. List the prime factors of u.
11
Let q(p) = p**3 - 4*p**2 + 4*p - 3. Let f be q(3). List the prime factors of (-1 + f)*1 + 4.
3
Let r be 1/3 - 4/12. Suppose -3*n - 6 = 0, 3*q - 4 + r = -4*n. What are the prime factors of q?
2
Let x(v) = v**3 - 4*v**2 + 3*v + 1. Let z be x(5). Suppose 3*q = 7 + z. List the prime factors of q.
2
Let t(h) = -5*h**2 + 4*h + 9. Let o be t(-6). What are the prime factors of o/(-12) + (-2)/8?
2
Let g = 5 - -8. Let w(x) = 5*x - 8. Let o be w(6). Let d = o - g. List the prime factors of d.
3
Let b(n) be the first derivative of 1/2*n**2 - 1 + 9*n. What are the prime factors of b(0)?
3
Let y(u) be the second derivative of u**3/6 + 2*u**2 - 2*u. List the prime factors of y(4).
2
Let j(t) be the third derivative of t**4/12 - 4*t**3/3 + t**2. What are the prime factors of j(6)?
2
Let m be ((-3)/(-9) + -1)*-51. What are the prime factors of 1/(-4) - m/(-8)?
2
Suppose y = 5*r - 81, -4*y + 33 = 2*r - r. Suppose -47 = -r*h + 16*h. List the prime factors of h.
47
Suppose -2 = -2*a + 2. Suppose 10 = -a*h - 26. List the prime factors of (1 - -1 - h) + -2.
2, 3
Let g be -13 - 4 - (1 + -4). Let f = g + 34. What are the prime factors of f?
2, 5
Let y = 55 + -22. Let q = y - 22. List the prime factors of q.
11
Let s(a) = -14*a - 9. Let d be s(-9). Suppose -5*m - 5*l = -2*l - d, 2*m - 26 = 4*l. What are the prime factors of m?
3, 7
Let q = 169 - 116. What are the prime factors of q?
53
Suppose 0 = c - 2*c + 19. Let j = c + -28. Let r(h) = h**3 + 8*h**2 - 9*h + 12. List the prime factors of r(j).
2, 3
Suppose -3*d = d - 24. Suppose -2*f + d = f. List the prime factors of f.
2
Let s(a) = -23*a + 3. Let l be s(-6). Let g = l + -99. Suppose 3*b + 3*z - g = 0, -4*b - 3*z - 1 = -59. What are the prime factors of b?
2
Suppose -2*f + 8 = 0, 9*g - 16 = 4*g + f. Let j(c) be the first derivative of c**2/2 - 2*c - 2. What are the prime factors of j(g)?
2
Let p = 17 + -9. Suppose 2*z = 2*f - 30, 2*f - 3*z - 2 = -p*z. Let u = f - -1. List the prime factors of u.
2, 3
Let u be 0/(-7) + 7 + 0. Suppose 3*t - 65 = r + u, 5*t - 120 = -5*r. List the prime factors of t.
2, 3
Suppose -2 = -g - 1. Let d be (g/(-2))/((-2)/(-24)). List the prime factors of 9/(-2)*16/d.
2, 3
Let v(q) = -q**3 - 8*q**2 - 8*q + 8. Let o = 1 - 8. List the prime factors of v(o).
3, 5
Let t(a) = -5*a**2 + 8*a + 6*a**2 + 8 + 0. What are the prime factors of t(-8)?
2
Let m = 13 + -8. Suppose m*j + 19 = 6*j. List the prime factors of j.
19
Let w(i) = 2*i**3 - 10*i**2 - 4*i - 2. Let o be w(6). Suppose o = -4*j + 6*j. What are the prime factors of j?
23
Let r = 16 + -14. List the prime factors of r.
2
Let v(g) be the third derivative of g**4/8 + 5*g**3/3 - 6*g**2. What are the prime factors of v(8)?
2, 17
Suppose -4*q + 16 = -0*q. Suppose q = 2*k - 14. Suppose k = o + 3. List the prime factors of o.
2, 3
Suppose -4*d - d + 10 = 0. Suppose -d*v + 11 = 5. What are the prime factors of v?
3
Let x be (-2)/6 - 385/15. Let b = -9 - x. List the prime factors of b.
17
Let o = -7 + 10. List the prime factors of (1/o)/((-2)/(-36)).
2, 3
Let n(i) = i**3 - 13*i**2 + 8*i - 5. What are the prime factors of n(13)?
3, 11
Suppose 0 = -2*v + 3*d - 62, -5*v - 180 = 7*d - 2*d. Let r = v - -54. List the prime factors of r.
2, 5
Suppose 0 = -9*h + 4*h - 450. What are the prime factors of (-2)/7 - h/21?
2
Let q(x) = -x**2 + 10*x - 11. Let r be q(8). Suppose -80 + 0 = -r*g. List the prime factors of g.
2
Let p(g) = -21*g**2 + g + 1. Let u be p(-1). Let m be (-1)/(1 + u/18). Let l(c) = c**2 - 6*c + 7. What are the prime factors of l(m)?
7
List the prime factors of ((-24)/9)/(-1*(-4)/(-222)).
2, 37
Let a(m) = -3*m**3 + 2*m**2 + 2*m + 1. Let w be a(-1). Suppose -n + w = 1. What are the prime factors of n?
3
Suppose 0*j + 13 = -3*c - 4*j, j = -5*c - 33. Let z(o) = -o**3 - 7*o**2 + 10. List the prime factors of z(c).
2, 5
Let q be ((-5)/10)/((-2)/20). Suppose 0 = 2*p - 5*t - 29, -q*t + 3*t = -2*p + 44. What are the prime factors of p?
3
Let h(j) = -10*j - 3. List the prime factors of h(-3).
3
What are the prime factors of (4/(-6))/(5 + 6261/(-1251))?
139
Let o(c) = 11*c**2 + 45*c - 4. List the prime factors of o(-7).
2, 5, 11
Suppose 273 = 2*o + 43. List the prime factors of o.
5, 23
List the prime factors of (-172)/3*(3 + 36/(-8)).
2, 43
Let k(c) = 5*c**2 - 8*c - 2. List the prime factors of k(5).
83
Let n(b) = 2*b**2 - b + 46. List the prime factors of n(0).
2, 23
Let s be (6 + 0)/(18/12). Suppose 4*w - 2*w + 5*x - 51 = 0, 0 = -5*w + 2*x + 55. Let b = w - s. List the prime factors of b.
3
Suppose -3*a - 2*o = 2*a - 40, 0 = a - 2*o - 20. List the prime factors of a.
2, 5
Suppose 5*o + s = 585, o + o - 4*s = 212. Suppose 2*r + 0*r - 4*q - o = 0, r + 4*q = 64. Suppose 3*i + r = 6*i. List the prime factors of i.
2, 5
Let g = 193 + -172. What are the prime factors of g?
3, 7
Suppose 0 = -3*s - 3*r + 18, -s + 0*r = 3*r - 10. Suppose 5*u = -5*g + 125, s*g - 22 = -6. List the prime factors of u.
3, 7
Let z = 4 - -1. Suppose x + 108 = z*x. List the prime factors of x.
3
Let k = 351 - 202. List the prime factors of k.
149
Let m(k) = -6*k + 14. What are the prime factors of m(-5)?
2, 11
Let o(g) = -44*g + 14. List the prime factors of o(-3).
2, 73
Suppose u - 4*s - 85 = -4*u, -u = -2*s - 17. What are the prime factors of u?
17
Let x = 900 + -520. List the prime factors of x.
2, 5, 19
What are the prime factors of (0 + 444/10)/((-18)/(-45))?
3, 37
Let t = 1 - 0. Suppose 3*q + 7 = t. Let d = q - -13. What are the prime factors of d?
11
Let u(p) = p**3 - 6*p**2 - 6*p - 3. Let s be u(7). Suppose -4*a - 2 = g, -5*a = 4*g + g - 20. Let c = g + s. What are the prime factors of c?
2, 5
Let s(i) = 2*i - 4. Let d be s(3). Suppose k = 4*v + 5*k - 12, -14 = -5*v - 4*k. Suppose v*w = 4*q - 22, -d*q + 5 + 26 = 3*w. List the prime factors of q.
2
Let q(h) = -h + 11. Let t = -25 + 39. Let w = t - 6. List the prime factors of q(w).
3
Let l(a) = -a - 1. Let x be l(-6). Suppose x*i + 12 = 2. Let o = 5 + i. List the prime factors of o.
3
Let j = -7 - -162. List the prime factors of j.
5, 31
Let f(h) = -h**3 - 5*h**2 - 3*h. Let p be f(-2). Let n be p/(-27) - (-79)/9. Let q = 6 + n. What are the prime factors of q?
3, 5
Suppose 0 = 2*o + 2*y - 6, o + 0*o - y = 3. Let r = -1 + o. List the prime factors of r*13/4*2.
13
Let l be ((-8)/10)/((-14)/105). Let u(m) = -1 + l - 1 + m. What are the prime factors of u(11)?
3, 5
Suppose 5*s = -4*n + 8, -4*n = -2*s - 3*s + 32. Let w = n + 1. Let b = w + 4. What are the prime factors of b?
2
Suppose -5*l - 4*t - 2 = 0, 3*l - 17 = 4*t + 1. Suppose l = o - 2, 5*w - 3*o = 13. Suppose z + 3*k = -z + 30, 0 = 4*z - w*k - 104. List the prime factors of z.
3, 7
Suppose 0 = 4*g - 2*d - 26 - 0, 0 = 4*g + d - 23. Let i be 14/(2 - g/4). Suppose -3*z + i = z. What are the prime factors of z?
7
Let d be (48/20)/(4/250). Suppose -7*q = -2*b - 4*q + 67, 5*b = 4*q + d. What are the prime factors of b?
2, 13
Let z = -486 + 713. What are the prime factors of z?
227
Suppose r + b - 7 = 3*b, -4*r - 5*b + 2 = 0. Suppose 4*y + z + 0*z = -47, -r*y - 18 = -5*z. Let g = -6 - y. List the prime factors of g.
5
Suppose -3 = n + 2*a, -3*a - 3 = -5*n - 31. Let h = n - -21. Suppose i = -i + h. List the prime factors of i.
2
What are the prime factors of 3*(-6)/27*-24?
2
Let j = 2 + 20. Let d = j + -11. What are the prime factors of d?
11
Suppose 0 = -4*k - 0*k + 20, -4*n + 2*k = -2. Suppose -3*v = -8*v + 15. Suppose -4*d = v*c - 21, -3